884 a multiple of 452?
True
Is 34930 a multiple of 35?
True
Does 48 divide 545117?
False
Is 10 a factor of 152982?
False
Does 20 divide 3113980?
True
Is 27 a factor of 758698?
False
Does 64 divide 194347?
False
Is 39 a factor of 3524463?
False
Is 1497043 a multiple of 44?
False
Is 649 a factor of 3575838?
False
Is 42 a factor of 651588?
True
Is 371625 a multiple of 25?
True
Does 42 divide 675234?
True
Does 6 divide 91327?
False
Is 2221 a multiple of 14?
False
Is 11 a factor of 168168?
True
Is 16889 a multiple of 23?
False
Is 5329352 a multiple of 125?
False
Is 365 a factor of 79570?
True
Is 487 a factor of 773709?
False
Is 68 a factor of 298860?
True
Is 9 a factor of 393518?
False
Is 219 a factor of 5112885?
False
Does 21 divide 140742?
True
Does 182 divide 22613?
False
Is 3606912 a multiple of 202?
True
Is 10 a factor of 579840?
True
Is 156 a factor of 71617?
False
Is 8422510 a multiple of 10?
True
Is 79 a factor of 47084?
True
Is 4 a factor of 11060?
True
Is 70384 a multiple of 83?
True
Is 133 a factor of 302043?
True
Does 78 divide 53118?
True
Is 29880 a multiple of 45?
True
Is 546786 a multiple of 6?
True
Does 11 divide 260535?
True
Is 25 a factor of 158925?
True
Does 964 divide 10002463?
False
Is 21 a factor of 702219?
True
Is 538 a factor of 163586?
False
Is 1295020 a multiple of 20?
True
Is 487 a factor of 437761?
False
Is 6973964 a multiple of 7?
False
Does 14 divide 12982652?
False
Is 4397475 a multiple of 15?
True
Is 10454386 a multiple of 191?
False
Does 214 divide 18029?
False
Is 551451 a multiple of 141?
True
Is 6 a factor of 12533?
False
Does 31 divide 39297?
False
Is 8 a factor of 2790913?
False
Is 33368 a multiple of 102?
False
Is 20880 a multiple of 48?
True
Is 62 a factor of 94240?
True
Is 8778 a multiple of 7?
True
Does 33 divide 5050355?
False
Is 578520 a multiple of 36?
True
Does 14 divide 1213114?
True
Does 392 divide 70560?
True
Is 13 a factor of 391951?
False
Is 52 a factor of 380328?
True
Is 966031 a multiple of 135?
False
Is 549 a factor of 1483072?
False
Is 4733 a multiple of 10?
False
Is 61948 a multiple of 163?
False
Is 115 a factor of 99730?
False
Is 257 a factor of 422251?
True
Is 115 a factor of 5465358?
False
Is 1971753 a multiple of 21?
True
Is 560240 a multiple of 80?
True
Is 38413 a multiple of 107?
True
Is 3 a factor of 43200?
True
Does 140 divide 1741880?
True
Does 19 divide 292391?
True
Is 6 a factor of 294485?
False
Is 132 a factor of 419822?
False
Is 4 a factor of 148394?
False
Does 12 divide 5826816?
True
Does 4 divide 29268?
True
Is 122 a factor of 30686320?
False
Is 63 a factor of 11024504?
False
Is 38356 a multiple of 79?
False
Is 6 a factor of 103379?
False
Is 369 a factor of 3034095?
False
Is 1106104 a multiple of 361?
True
Does 155 divide 10922589?
False
Is 195151 a multiple of 4?
False
Is 1311708 a multiple of 365?
False
Is 4308758 a multiple of 25?
False
Is 92687 a multiple of 3?
False
Is 11 a factor of 295855?
False
Is 31408728 a multiple of 18?
False
Does 334 divide 19038?
True
Is 105 a factor of 3968340?
False
Does 68 divide 396288?
False
Is 3992874 a multiple of 1228?
False
Does 625 divide 342327?
False
Is 41400 a multiple of 345?
True
Is 155 a factor of 1453280?
True
Is 21 a factor of 25389?
True
Is 5472152 a multiple of 519?
False
Is 6 a factor of 58656?
True
Is 1839468 a multiple of 254?
True
Does 427 divide 8469576?
False
Is 2697480 a multiple of 381?
True
Is 1873824 a multiple of 16?
True
Is 8 a factor of 127071?
False
Is 564332 a multiple of 111?
False
Does 141 divide 264234?
True
Does 34 divide 2109469?
False
Does 13 divide 1512745?
True
Is 643120 a multiple of 10?
True
Is 9418080 a multiple of 20?
True
Is 7 a factor of 74507?
False
Is 45804 a multiple of 44?
True
Is 175152 a multiple of 48?
True
Does 21 divide 11798017?
False
Does 43 divide 153725?
True
Does 22 divide 908711?
False
Does 388 divide 8833208?
True
Does 21 divide 83454?
True
Does 301 divide 520429?
True
Does 741 divide 2820987?
True
Is 8645 a multiple of 95?
True
Is 1051910 a multiple of 570?
False
Is 257332 a multiple of 19?
False
Does 57 divide 597588?
True
Does 238 divide 1038632?
True
Does 119 divide 67354?
True
Does 6 divide 553531?
False
Is 55 a factor of 6108410?
True
Does 179 divide 1382836?
False
Is 77 a factor of 1046552?
False
Does 91 divide 38584?
True
Is 100 a factor of 75187?
False
Is 61226 a multiple of 2?
True
Is 97 a factor of 198268?
True
Does 130 divide 57200?
True
Does 1237 divide 5936363?
True
Is 1528475 a multiple of 65?
True
Is 119 a factor of 82932?
False
Does 489 divide 1146216?
True
Does 3 divide 32219?
False
Is 17 a factor of 4430852?
False
Does 25 divide 212572?
False
Is 279 a factor of 159490?
False
Is 391 a factor of 196673?
True
Is 24 a factor of 5280?
True
Is 2492 a factor of 16574292?
True
Is 21 a factor of 309246?
True
Does 29 divide 381756?
True
Is 16 a factor of 74615?
False
Does 41 divide 1113232?
True
Is 73781 a multiple of 89?
True
Is 13630599 a multiple of 96?
False
Is 36 a factor of 285480?
True
Is 29 a factor of 164468?
False
Is 28093 a multiple of 25?
False
Is 75178 a multiple of 102?
False
Does 26 divide 18894?
False
Is 19 a factor of 2182283?
True
Does 20 divide 247758?
False
Is 508848 a multiple of 16?
True
Is 19 a factor of 1182117?
False
Is 229 a factor of 448382?
True
Is 812074 a multiple of 14?
False
Is 473445 a multiple of 9?
True
Does 11 divide 544478?
True
Is 19247606 a multiple of 634?
True
Is 87 a factor of 79605?
True
Is 1070193 a multiple of 67?
False
Is 100 a factor of 8179000?
True
Is 5124448 a multiple of 56?
True
Is 73 a factor of 2990795?
False
Is 27 a factor of 10723779?
True
Is 16 a factor of 404768?
True
Is 874119 a multiple of 24?
False
Is 581230 a multiple of 65?
True
Does 28 divide 11754344?
True
Is 137256 a multiple of 5?
False
Does 7 divide 1633625?
True
Does 44 divide 370850?
False
Is 405136 a multiple of 16?
True
Does 7 divide 4988347?
True
Is 32 a factor of 276672?
True
Is 113 a factor of 59274?
False
Is 5 a factor of 11235?
True
Is 508195 a multiple of 335?
True
Is 159 a factor of 114957?
True
Is 37 a factor of 245642?
False
Does 8 divide 19136?
True
Does 480 divide 191989?
False
Is 86 a factor of 4175925?
False
Is 309 a factor of 167478?
True
Does 72 divide 2664?
True
Is 35 a factor of 260855?
True
Is 64 a factor of 275389?
False
Does 3 divide 22579?
False
Is 16 a factor of 6027643?
False
Is 447963 a multiple of 29?
True
Is 574074 a multiple of 54?
True
Is 98101 a multiple of 139?
False
Does 7 divide 63081?
False
Is 143530 a multiple of 57?
False
Is 14552328 a multiple of 133?
True
Is 2298536 a multiple of 68?
True
Is 680 a factor of 18612960?
True
Does 27 divide 134811?
True
Is 137 a factor of 124396?
True
Is 5 a factor of 657735?
True
Does 11 divide 1109478?
False
Is 1478 a factor of 14945536?
True
Does 22 divide 2396393?
False
Is 27 a factor of 6187779?
True
Is 1166889 a multiple of 14?
False
Is 279241 a multiple of 108?
False
Is 4 a factor of 939689?
False
Does 9 divide 15308?
False
Does 41 divide 8658503?
True
Is 459 a factor of 174237?
False
Does 10 divide 2194170?
True
Is 187115 a multiple of 15?
False
Does 18 divide 1014930?
True
Is 6 a factor of 432804?
True
Is 37542 even?
True
Does 43 divide 405920?
True
Is 6 a factor of 2339487?
False
Is 49 a factor of 180488?
False
Is 1408422 a multiple of 53?
True
Does 80 divide 3664974?
False
Is 46784 a multiple of 136?
True
Is 215798 a multiple of 149?
False
Does 13 divide 685331?
False
Does 42 divide 1799448?
True
Is 47387 a multiple of 80?
False
Is 30 a factor of 391530?
True
Does 298 divide 1031378?
True
Does 33 divide 109199?
False
Is 215 a factor of 1886497?
False
Is 106 a factor of 66992?
True
Is 1930655 a multiple of 317?
False
Is 63 a factor of 199854?
False
Is 32 a factor of 4905062?
False
Is 899150 a multiple of 49?
True
Does 157 divide 8353?
False
Does 5 divide 80640?
True
Is 2 a factor of 150312?
True
Is 18 a factor of 46962?
True
Does 108 divide 38664?
True
Is 503188 a multiple of 7?
True
Does 11 divide 445656?
False
Does 8 divide 42112?
True
Is 27 a factor of 15799?
False
Does 30 divide 49549?
False
Is 16 a factor of 3463552?
True
Is 696 a factor of 6132970?
False
Does 171 divide 104481?
True
Is 856720 a multiple of 20?
True
Is 422800 a multiple of 28?
True
Is 646 a factor of 216